2 + 2*j + 1. Suppose -32*a + 314*a - 36*a + 492 = 0. What is o(a)?
-27
Let h(u) = 3*u**3 - 18*u**2 + 48*u - 27. Let c(p) = -5*p**3 + 29*p**2 - 74*p + 42. Let l(n) = 5*c(n) + 8*h(n). Give l(-3).
-12
Let i(q) = -q**2 + 2*q. Let m(c) = -7*c**2 + 15*c + 11. Let d(b) = 23*b - 178. Let o be d(8). Let x(u) = o*i(u) - m(u). Give x(5).
-1
Let z(p) = 4*p - 8. Let u(f) = 3*f - 7. Let t(q) = -3*u(q) + 2*z(q). Suppose -2*c - 2 = -3*r - 5, 4*c + 4 = -4*r. Give t(c).
5
Let q(z) = -85 - 98*z - 204*z**2 + 106*z**2 - 14250*z**3 + 14248*z**3. Determine q(-48).
11
Suppose -112 = -4*v - 4*x, 0*x + 3*x = -v + 28. Let h = v - 34. Let r be 12 + h - 0*(-2)/(-2). Let t(w) = -w**2 + 8*w - 8. Determine t(r).
4
Let q = -1199790 - -1199783. Let w(u) be the third derivative of 0 - 7/6*u**3 - u**2 - 1/24*u**4 + 0*u. What is w(q)?
0
Let h(g) be the second derivative of g - 1/6*g**3 + 0 - 1/2*g**2. Suppose -97*r + 164 - 83 = 566. What is h(r)?
4
Suppose -4*d = -12, 5*w + 2*d - 3 = 23. Let y(l) = 7*l - 380*l**2 + 381*l**2 + 3 - w + 5. Suppose 6 = 26*b - 28*b. Determine y(b).
-8
Let c(a) be the second derivative of -5*a**3/6 - 9*a**2 + 1213*a. Calculate c(-6).
12
Let o(a) = 4*a - 18. Suppose 25*g + 74*g - 35*g = 384. What is o(g)?
6
Let a(h) = h**2 + 32*h + 178. Let g(j) = 31*j + 175. Let q(o) = -2*a(o) + 3*g(o). Determine q(19).
-2
Let n(m) = -8*m**3 - 72*m**2 - 109*m - 50. Let f(q) = -3*q**3 - 25*q**2 - 37*q - 18. Let b(d) = -11*f(d) + 4*n(d). Give b(15).
13
Let a(g) = -27*g**3 + 2*g - 1. Let q = 176 + -175. Determine a(q).
-26
Let z(p) = 0 + 2 + 3*p + 1 - 2*p**2. Let s = -317 - -314. Give z(s).
-24
Let v(n) = n**2 + 9*n + 6. Let s = 1206 - 1204. Let o(q) = q**3 + 2*q**2 - 3*q + 3. Let k be o(-3). Suppose 40 = -s*g - k*g. Determine v(g).
-2
Let s(o) = 16*o**2 + 169*o + 30. Let i(m) = 7*m**2 + 75*m + 15. Let l(w) = -9*i(w) + 4*s(w). Suppose -3*g = -8*g. Determine l(g).
-15
Suppose -20 = -35*c + 31*c. Suppose -c*m + 12 = -33. Let n(d) = m - 3*d + 7 - 18. Calculate n(5).
-17
Let p(s) = 143*s - 194. Let v(k) = 429*k - 677. Let i(j) = 7*p(j) - 2*v(j). Give i(0).
-4
Suppose -144*k = 107*k + 81*k + 996. Let w(f) be the third derivative of -f**6/120 + f**4/2 + f**3 + 2*f**2. What is w(k)?
-3
Let m be -8 + (-915)/(-900) - (3 - (-10)/(-1)). Let c(n) be the third derivative of 14*n**2 - 7/6*n**3 + 1/6*n**4 + 0 + 0*n + m*n**5. Calculate c(-6).
5
Let p(z) = 25 - 59 + 2*z + 18 + 18 - 11*z. What is p(-2)?
20
Let a(u) be the third derivative of -u**4/8 + 31*u**3/6 + 3*u**2 + 14*u - 4. What is a(18)?
-23
Let o be 1463/(-154) - (-11)/2. Let j(z) = -10*z - 13. Calculate j(o).
27
Let n(x) = 5*x**2 - 1. Suppose -2*p - 210 = 34. Let a = -127 - p. Let z be 1/(a - (-36)/8). What is n(z)?
19
Let a(m) = 29*m**3 + 39*m**2 + 41*m + 9. Let i(u) = 4*u**3 + 6*u**2 + 6*u + 1. Let x(s) = 2*a(s) - 15*i(s). Determine x(-5).
-7
Let i(p) be the second derivative of -p**4/6 - p**3/2 - 2*p**2 - p - 7. Let x be 1/((-1)/3 - 0). Calculate i(x).
-13
Let w(b) = b**2 - 9*b - 7. Let y(t) = t**3 - 8*t**2 - 5*t - 29. Let j be y(9). Suppose 2 + 3 = f + i, 0 = 2*f + 5*i - j. What is w(f)?
-25
Suppose 27 = 2*n + 7*n. Let d(k) = -3*k**2 - 7*k - 10. Let y(q) = 4*q**2 + 8*q + 11. Let h(v) = -7*d(v) - 6*y(v). Give h(n).
-20
Suppose 0*m - 10 = -5*m, -y + 2*m = 0. Let o(w) be the second derivative of w**3 + 5*w**2 + w. Let s(v) = -2*v - 3. Let a(b) = -5*o(b) - 16*s(b). What is a(y)?
6
Suppose 0 = -4*x - 11 + 3. Let z be 0*1/(-1) - x. Suppose -z*d + 11 = -3*s - d, -2*s = -5*d + 16. Let g(o) = 5*o - 1. Give g(s).
-16
Let f(b) = -b**2 - 5 - 10*b - 17 + 5*b - 6*b. Calculate f(-6).
8
Let r(c) = -c**3 - c**2 + 3*c. Suppose 0 = 3*d + 2*m - 10, -9*d - 5*m - 51 + 79 = 0. What is r(d)?
-6
Let w(o) = -521 + 1041 - 521 + 32*o. Let u be 1/(3 - 4)*1. What is w(u)?
-33
Let d(t) = -8*t - 5. Let n(b) = -b + 1. Let j(x) = d(x) + 2*n(x). Let z = -98 - -146. Suppose -z*f + 45*f = 6. What is j(f)?
17
Suppose 18*d = 29*d - 16*d + 345. Let v(w) = -w**3 + 69*w**2 + 11*w - 755. Determine v(d).
4
Let m(u) = -3*u - 37. Suppose -8*i = 3*w - 10*i + 21, 0 = 3*w + 7*i + 48. Give m(w).
-10
Let g(n) = -43*n**3 - 1. Suppose -19*s - 123 + 28 = 0. Let q be 1 - (-14)/(-8) - s/(-20). What is g(q)?
42
Let a(c) be the first derivative of -c**4/4 + 2*c**3 + 25*c**2/2 + 16*c - 727. Calculate a(9).
-2
Let z(f) = f**3 - 111*f**2 + 6*f - 665. Let o be z(111). Let g(n) = 36*n**3 - 2*n**2 + 5*n - 4. Determine g(o).
35
Let o(g) = g**3 - 13*g**2 + 8*g + 5. Suppose -104*b + 51*b = -55*b + 26. Determine o(b).
109
Suppose 47*i = 66*i - 114. Let s(n) = -629 + 309 - 2*n + i*n + 317. Determine s(2).
5
Suppose 4*b - 5*i = -130, 2*i = -4*b - 96 - 48. Let c = 1 + 30. Let m = c + b. Let f(s) = -s**2 - 3*s + 4. Calculate f(m).
0
Let t(h) = -3*h - 41. Let y be t(-14). Let r(f) = -3. Let n(v) = 1. Let a(g) = 2*n(g) + r(g). Let p(i) = -6*i**3 - 1. Let z(u) = 2*a(u) - p(u). Give z(y).
5
Let i(b) = -b**2 - 12*b - 14. Let c = -7123 + 7115. What is i(c)?
18
Suppose 10*o - 50 = 50. Let y(r) = -2*r**2 + 11*r + 7. Determine y(o).
-83
Let b(s) = -10*s + 2. Let q = -1403 + 1408. Calculate b(q).
-48
Let d(x) be the first derivative of 23*x**2 + x + 4559. Determine d(-3).
-137
Let b(g) = -122*g + 633 - 171*g + 341*g. Let j be b(-13). Let c(l) = -11*l - l**3 - 5 + 14*l**2 - 4*l**2 + 2*l. What is c(j)?
-5
Let s(u) be the second derivative of 11 - 1/6*u**3 + u**2 + 6*u. Determine s(3).
-1
Let j(w) = -w**3 + 9*w**2 - 4. Suppose -2*q + 18 = -2*p - p, -2*p - 22 = 2*q. Let o be (7 + -23)/p + (6 - -1). What is j(o)?
-4
Let n(w) = -11*w**3 - 4*w + 9. Let g(r) = 4*r**3 + 3*r - 7. Let x(d) = 4*g(d) + 3*n(d). Determine x(-1).
16
Let d(h) = -2*h**3 + 20*h**2 - 15*h - 14. Let j(s) = -2*s**3 + 22*s**2 - 16*s - 15. Let i(z) = -11*d(z) + 10*j(z). Determine i(-1).
-3
Let s = 307 + -299. Let g(x) = -s*x + 226 - 116 - 120 - x**2. What is g(-7)?
-3
Let h be (-1)/(-1)*(-1 - -1). Let m(v) = -3*v - v - 2 - v**2 + h*v. Let g(l) = -4*l**2 - 81*l - 99. Let i be g(-19). What is m(i)?
-2
Let k(a) = a**2 - 7*a - 3. Let t = -235 - -237. Let j(v) = -v**2 + 8*v + 1. Let x(y) = t*j(y) + 3*k(y). Determine x(5).
-7
Let p(n) be the first derivative of n**4/4 + 4*n**3/3 + 3. Suppose 0 = -76*j + 26*j + 24*j - 104. Give p(j).
0
Suppose -3*v = -8*v + 35. Let i(b) = 24*b**3 - 14*b**2 + 32*b + 33. Let d(j) = -11*j**3 + 6*j**2 - 15*j - 16. Let m(q) = -13*d(q) - 6*i(q). Calculate m(v).
-18
Let j = 132359 - 132355. Let d(r) = 0 - 3*r + 2*r**2 + 0 + 5. What is d(j)?
25
Let f be (-182)/(-9) + (-4)/18. Suppose f = i - 6*i. Let m(p) be the second derivative of -p**3/6 - 3*p**2/2 - 12*p + 7297. Determine m(i).
1
Let x(s) = -s**2 - 23*s + 47. Let d be ((-18)/(-8))/(150/(-1600)). What is x(d)?
23
Let x(p) = 20 + p**2 + 356*p + 348*p - 694*p. Give x(-9).
11
Let b(y) = -y**2 + 6. Suppose 0 = -5*x + 20, 26 = 9*u - 7*u - 4*x. Suppose 37 = 4*t + u. Give b(t).
-10
Let m(q) = -4*q + 7. Let o(n) = 19*n - 86. Let f(g) = -5*m(g) - o(g). What is f(-17)?
34
Let o(f) be the third derivative of -f**4/6 - 23*f**3/3 - 9*f**2 - 165*f. What is o(4)?
-62
Let v(d) be the third derivative of d**6/60 + d**5/10 - d**4/8 - d**3/2 - 4*d**2 + 20*d. Calculate v(-5).
-88
Let b(i) be the third derivative of i**6/120 - i**4/24 - 13*i**3/3 - 3*i**2. Let y(v) = 30*v - 360. Let f be y(12). Determine b(f).
-26
Let c = 4774 + -4768. Let s(h) = 5*h - 10. Determine s(c).
20
Let w(g) = -4*g**3 + 9*g**2 + g + 3. Let s(b) = 5*b**3 - 9*b**2 - 2*b - 2. Suppose -26*h + 29*h + 9 = 0. Let m(f) = h*s(f) - 4*w(f). Give m(9).
12
Let z(x) = -30*x - 186. Suppose 0 = -19*h - 65 - 15 - 34. Determine z(h).
-6
Let r(p) = 35*p**2 + p + 3. Let d(a) = 35*a**2 + 2*a + 5. Let z(l) = 2*d(l) - 3*r(l). Give z(1).
-33
Let g be -2 + 0 + (-105)/(-35). Let o(f) be the third derivative of f**4/6 - f**3/3 - 4*f**2. Calculate o(g).
2
Let u be (-2 - 2) + (-6 - -105). Let j = 100 - u. Suppose 37 = -4*d + 3*k, d + j*k = k + 5. Let y(r) = -r - 3. Determine y(d).
4
Let p(a) = 76*a**2 + 66*a**2 + 68*a**2 - 5 - a**3 - 209*a**2. What is p(-2)?
7
Let c(d) = -2*d**2. Suppose 3*p + 9 = 3*l, l + 0*p - 3*p = 1. Suppose -5*r = -u + l*u - 174, 2*r - 2*u - 76 = 0. Let h be (-2)/(-6) - 48/r. Give c(h).
-2
Let r(j) = -j**2 + 19*j. Suppose -26*k + 56 = -438. Determine r(k).
0
Let x(c) = 41*c + 9. Let u(l) = -74*l - 15. Let b(p) = 7*u(p) +